{"id":7,"date":"2021-07-11T12:57:30","date_gmt":"2021-07-11T12:57:30","guid":{"rendered":"https:\/\/hosting155493.a2ee2.netcup.net\/?page_id=7"},"modified":"2021-09-18T18:29:58","modified_gmt":"2021-09-18T18:29:58","slug":"wingtsun","status":"publish","type":"page","link":"https:\/\/wingtsun-elmshorn.de\/index.php\/wingtsun\/","title":{"rendered":"Was ist WingTsun?"},"content":{"rendered":"<div id=\"widget-acd8cbf7-6f02-aa0b-cd51-175b4f56c118\" class=\"widget widget-pagecontent \">\n<div class=\"widget-content\">\n<div id=\"widget-441d59aa-81d5-8b2d-97d0-c0972f4d2086\" class=\"widget widget-text \">\n<div class=\"widget-content\">\n<h1>WingTsun &#8211; die effiziente Kampkunst<\/h1>\n<p>WingTsun stellt eine spezielle Art der Selbstverteidigung dar, die auf eine alte, chinesische Kampfkunst zur\u00fcckgeht. Im Leben gibt es immer wieder Situationen, die gef\u00e4hrlich sein k\u00f6nnen oder zumindest ein erhebliches Gefahrenpotenzial bergen. WingTsun hilft dir\u00a0dabei, potenziell gef\u00e4hrliche Situationen bereits im Vorfeld zu erkennen und zu entsch\u00e4rfen. Sollten verbale Deeskalationstechniken nicht ausreichen, lernst du\u00a0durch WingTsun Selbstverteidigungstechniken, um dich\u00a0auch k\u00f6rperlich zur Wehr setzen zu k\u00f6nnen. So st\u00e4rkt WingTsun dein\u00a0Selbstbewusstsein und hat dar\u00fcber hinaus vielfache positive Auswirkungen auf deine\u00a0Fitness und Gesundheit.<\/p>\n<p>WingTsun z\u00e4hlt zu den bekanntesten chinesischen KungFu-Stilen und gilt als eine der effizientesten Wege der Selbstverteidigung. Die Urspr\u00fcnge des WingTsun gehen der Legende nach auf eine chinesische Nonne zur\u00fcck, die ihrerseits den Kampfstil an ihre Sch\u00fclerin vermittelte. WingTsun wurde also von Frauen entwickelt und ist deswegen optimal geeignet, um sich auch gegen gr\u00f6\u00dfere und st\u00e4rkere Gegner zu verteidigen. Anfang der 70er-Jahre brachte Gro\u00dfmeister Prof. Dr. Keith R. Kernspecht WingTsun nach Europa und machte es\u00a0bekannt. Gro\u00dfmeister Kernspecht gr\u00fcndete die EWTO, den Dachverband von \u00fcber 1000 WingTsun-Schulen in ganz Europa, der seitdem\u00a0Weiterentwicklung des WingTsun best\u00e4ndig arbeitete. So entstand ein Selbstverteidigungskonzept, das an die Anforderungen unserer modernen Zeit perfekt angepasst ist.<\/p>\n<p>Die Kampfkunst WingTsun wurde im alten China entwickelt, und zwar vor mehr als 250 Jahren. Ng Mui ist der Name einer chinesischen Nonne aus einem Shaolin-Kloster, in dem\u00a0traditionell KungFu trainiert wurde. Um sich gegen gr\u00f6\u00dfere und st\u00e4rkere Gegner zur Wehr setzen zu k\u00f6nnen, entwickelte Ng Mui WingTsun. Der Name \u201eWingTsun\u201c leitet sich vom Namen der ersten Sch\u00fclerin ab, die von Ng Mui unterrichtet wurde.<\/p>\n<\/div>\n<\/div>\n<\/div>\n<\/div>\n","protected":false},"excerpt":{"rendered":"<p>WingTsun &#8211; die effiziente Kampkunst WingTsun stellt eine spezielle Art der Selbstverteidigung dar, die auf eine alte, chinesische Kampfkunst zur\u00fcckgeht. Im Leben gibt es immer wieder Situationen, die gef\u00e4hrlich sein k\u00f6nnen oder zumindest ein erhebliches Gefahrenpotenzial bergen. WingTsun hilft dir\u00a0dabei, potenziell gef\u00e4hrliche Situationen bereits im Vorfeld zu erkennen und zu entsch\u00e4rfen. Sollten verbale Deeskalationstechniken nichtContinue reading &rarr;<\/p>\n","protected":false},"author":1,"featured_media":0,"parent":0,"menu_order":0,"comment_status":"closed","ping_status":"closed","template":"","meta":{"footnotes":""},"class_list":["post-7","page","type-page","status-publish","hentry","no-thumb"],"yoast_head":"<!-- This site is optimized with the Yoast SEO plugin v27.5 - https:\/\/yoast.com\/product\/yoast-seo-wordpress\/ -->\n<title>Was ist WingTsun? - Wingtsun Schule Elmshorn<\/title>\n<meta name=\"robots\" content=\"index, follow, max-snippet:-1, max-image-preview:large, max-video-preview:-1\" \/>\n<link rel=\"canonical\" href=\"https:\/\/wingtsun-elmshorn.de\/index.php\/wingtsun\/\" \/>\n<meta property=\"og:locale\" content=\"de_DE\" \/>\n<meta property=\"og:type\" content=\"article\" \/>\n<meta property=\"og:title\" content=\"Was ist WingTsun? - Wingtsun Schule Elmshorn\" \/>\n<meta property=\"og:description\" content=\"WingTsun &#8211; die effiziente Kampkunst WingTsun stellt eine spezielle Art der Selbstverteidigung dar, die auf eine alte, chinesische Kampfkunst zur\u00fcckgeht. Im Leben gibt es immer wieder Situationen, die gef\u00e4hrlich sein k\u00f6nnen oder zumindest ein erhebliches Gefahrenpotenzial bergen. WingTsun hilft dir\u00a0dabei, potenziell gef\u00e4hrliche Situationen bereits im Vorfeld zu erkennen und zu entsch\u00e4rfen. Sollten verbale Deeskalationstechniken nichtContinue reading &rarr;\" \/>\n<meta property=\"og:url\" content=\"https:\/\/wingtsun-elmshorn.de\/index.php\/wingtsun\/\" \/>\n<meta property=\"og:site_name\" content=\"Wingtsun Schule Elmshorn\" \/>\n<meta property=\"article:publisher\" content=\"https:\/\/www.facebook.com\/SihingSteffen\" \/>\n<meta property=\"article:modified_time\" content=\"2021-09-18T18:29:58+00:00\" \/>\n<meta name=\"twitter:card\" content=\"summary_large_image\" \/>\n<meta name=\"twitter:label1\" content=\"Gesch\u00e4tzte Lesezeit\" \/>\n\t<meta name=\"twitter:data1\" content=\"1\u00a0Minute\" \/>\n<script type=\"application\/ld+json\" class=\"yoast-schema-graph\">{\"@context\":\"https:\\\/\\\/schema.org\",\"@graph\":[{\"@type\":\"WebPage\",\"@id\":\"https:\\\/\\\/wingtsun-elmshorn.de\\\/index.php\\\/wingtsun\\\/\",\"url\":\"https:\\\/\\\/wingtsun-elmshorn.de\\\/index.php\\\/wingtsun\\\/\",\"name\":\"Was ist WingTsun? - Wingtsun Schule Elmshorn\",\"isPartOf\":{\"@id\":\"https:\\\/\\\/wingtsun-elmshorn.de\\\/#website\"},\"datePublished\":\"2021-07-11T12:57:30+00:00\",\"dateModified\":\"2021-09-18T18:29:58+00:00\",\"breadcrumb\":{\"@id\":\"https:\\\/\\\/wingtsun-elmshorn.de\\\/index.php\\\/wingtsun\\\/#breadcrumb\"},\"inLanguage\":\"de\",\"potentialAction\":[{\"@type\":\"ReadAction\",\"target\":[\"https:\\\/\\\/wingtsun-elmshorn.de\\\/index.php\\\/wingtsun\\\/\"]}]},{\"@type\":\"BreadcrumbList\",\"@id\":\"https:\\\/\\\/wingtsun-elmshorn.de\\\/index.php\\\/wingtsun\\\/#breadcrumb\",\"itemListElement\":[{\"@type\":\"ListItem\",\"position\":1,\"name\":\"Startseite\",\"item\":\"https:\\\/\\\/wingtsun-elmshorn.de\\\/\"},{\"@type\":\"ListItem\",\"position\":2,\"name\":\"Was ist WingTsun?\"}]},{\"@type\":\"WebSite\",\"@id\":\"https:\\\/\\\/wingtsun-elmshorn.de\\\/#website\",\"url\":\"https:\\\/\\\/wingtsun-elmshorn.de\\\/\",\"name\":\"Wingtsun Schule Elmshorn\",\"description\":\"\",\"publisher\":{\"@id\":\"https:\\\/\\\/wingtsun-elmshorn.de\\\/#organization\"},\"potentialAction\":[{\"@type\":\"SearchAction\",\"target\":{\"@type\":\"EntryPoint\",\"urlTemplate\":\"https:\\\/\\\/wingtsun-elmshorn.de\\\/?s={search_term_string}\"},\"query-input\":{\"@type\":\"PropertyValueSpecification\",\"valueRequired\":true,\"valueName\":\"search_term_string\"}}],\"inLanguage\":\"de\"},{\"@type\":\"Organization\",\"@id\":\"https:\\\/\\\/wingtsun-elmshorn.de\\\/#organization\",\"name\":\"EWTO\",\"url\":\"https:\\\/\\\/wingtsun-elmshorn.de\\\/\",\"logo\":{\"@type\":\"ImageObject\",\"inLanguage\":\"de\",\"@id\":\"https:\\\/\\\/wingtsun-elmshorn.de\\\/#\\\/schema\\\/logo\\\/image\\\/\",\"url\":\"https:\\\/\\\/wingtsun-elmshorn.de\\\/wp-content\\\/uploads\\\/2021\\\/07\\\/ewto-logo-300-dpi-1-e1626201341948.jpg\",\"contentUrl\":\"https:\\\/\\\/wingtsun-elmshorn.de\\\/wp-content\\\/uploads\\\/2021\\\/07\\\/ewto-logo-300-dpi-1-e1626201341948.jpg\",\"width\":200,\"height\":37,\"caption\":\"EWTO\"},\"image\":{\"@id\":\"https:\\\/\\\/wingtsun-elmshorn.de\\\/#\\\/schema\\\/logo\\\/image\\\/\"},\"sameAs\":[\"https:\\\/\\\/www.facebook.com\\\/SihingSteffen\",\"https:\\\/\\\/www.instagram.com\\\/wingtsun_schule_elmshorn\"]}]}<\/script>\n<!-- \/ Yoast SEO plugin. -->","yoast_head_json":{"title":"Was ist WingTsun? - Wingtsun Schule Elmshorn","robots":{"index":"index","follow":"follow","max-snippet":"max-snippet:-1","max-image-preview":"max-image-preview:large","max-video-preview":"max-video-preview:-1"},"canonical":"https:\/\/wingtsun-elmshorn.de\/index.php\/wingtsun\/","og_locale":"de_DE","og_type":"article","og_title":"Was ist WingTsun? - Wingtsun Schule Elmshorn","og_description":"WingTsun &#8211; die effiziente Kampkunst WingTsun stellt eine spezielle Art der Selbstverteidigung dar, die auf eine alte, chinesische Kampfkunst zur\u00fcckgeht. Im Leben gibt es immer wieder Situationen, die gef\u00e4hrlich sein k\u00f6nnen oder zumindest ein erhebliches Gefahrenpotenzial bergen. WingTsun hilft dir\u00a0dabei, potenziell gef\u00e4hrliche Situationen bereits im Vorfeld zu erkennen und zu entsch\u00e4rfen. Sollten verbale Deeskalationstechniken nichtContinue reading &rarr;","og_url":"https:\/\/wingtsun-elmshorn.de\/index.php\/wingtsun\/","og_site_name":"Wingtsun Schule Elmshorn","article_publisher":"https:\/\/www.facebook.com\/SihingSteffen","article_modified_time":"2021-09-18T18:29:58+00:00","twitter_card":"summary_large_image","twitter_misc":{"Gesch\u00e4tzte Lesezeit":"1\u00a0Minute"},"schema":{"@context":"https:\/\/schema.org","@graph":[{"@type":"WebPage","@id":"https:\/\/wingtsun-elmshorn.de\/index.php\/wingtsun\/","url":"https:\/\/wingtsun-elmshorn.de\/index.php\/wingtsun\/","name":"Was ist WingTsun? - Wingtsun Schule Elmshorn","isPartOf":{"@id":"https:\/\/wingtsun-elmshorn.de\/#website"},"datePublished":"2021-07-11T12:57:30+00:00","dateModified":"2021-09-18T18:29:58+00:00","breadcrumb":{"@id":"https:\/\/wingtsun-elmshorn.de\/index.php\/wingtsun\/#breadcrumb"},"inLanguage":"de","potentialAction":[{"@type":"ReadAction","target":["https:\/\/wingtsun-elmshorn.de\/index.php\/wingtsun\/"]}]},{"@type":"BreadcrumbList","@id":"https:\/\/wingtsun-elmshorn.de\/index.php\/wingtsun\/#breadcrumb","itemListElement":[{"@type":"ListItem","position":1,"name":"Startseite","item":"https:\/\/wingtsun-elmshorn.de\/"},{"@type":"ListItem","position":2,"name":"Was ist WingTsun?"}]},{"@type":"WebSite","@id":"https:\/\/wingtsun-elmshorn.de\/#website","url":"https:\/\/wingtsun-elmshorn.de\/","name":"Wingtsun Schule Elmshorn","description":"","publisher":{"@id":"https:\/\/wingtsun-elmshorn.de\/#organization"},"potentialAction":[{"@type":"SearchAction","target":{"@type":"EntryPoint","urlTemplate":"https:\/\/wingtsun-elmshorn.de\/?s={search_term_string}"},"query-input":{"@type":"PropertyValueSpecification","valueRequired":true,"valueName":"search_term_string"}}],"inLanguage":"de"},{"@type":"Organization","@id":"https:\/\/wingtsun-elmshorn.de\/#organization","name":"EWTO","url":"https:\/\/wingtsun-elmshorn.de\/","logo":{"@type":"ImageObject","inLanguage":"de","@id":"https:\/\/wingtsun-elmshorn.de\/#\/schema\/logo\/image\/","url":"https:\/\/wingtsun-elmshorn.de\/wp-content\/uploads\/2021\/07\/ewto-logo-300-dpi-1-e1626201341948.jpg","contentUrl":"https:\/\/wingtsun-elmshorn.de\/wp-content\/uploads\/2021\/07\/ewto-logo-300-dpi-1-e1626201341948.jpg","width":200,"height":37,"caption":"EWTO"},"image":{"@id":"https:\/\/wingtsun-elmshorn.de\/#\/schema\/logo\/image\/"},"sameAs":["https:\/\/www.facebook.com\/SihingSteffen","https:\/\/www.instagram.com\/wingtsun_schule_elmshorn"]}]}},"jetpack_sharing_enabled":true,"_links":{"self":[{"href":"https:\/\/wingtsun-elmshorn.de\/index.php\/wp-json\/wp\/v2\/pages\/7","targetHints":{"allow":["GET"]}}],"collection":[{"href":"https:\/\/wingtsun-elmshorn.de\/index.php\/wp-json\/wp\/v2\/pages"}],"about":[{"href":"https:\/\/wingtsun-elmshorn.de\/index.php\/wp-json\/wp\/v2\/types\/page"}],"author":[{"embeddable":true,"href":"https:\/\/wingtsun-elmshorn.de\/index.php\/wp-json\/wp\/v2\/users\/1"}],"replies":[{"embeddable":true,"href":"https:\/\/wingtsun-elmshorn.de\/index.php\/wp-json\/wp\/v2\/comments?post=7"}],"version-history":[{"count":10,"href":"https:\/\/wingtsun-elmshorn.de\/index.php\/wp-json\/wp\/v2\/pages\/7\/revisions"}],"predecessor-version":[{"id":201,"href":"https:\/\/wingtsun-elmshorn.de\/index.php\/wp-json\/wp\/v2\/pages\/7\/revisions\/201"}],"wp:attachment":[{"href":"https:\/\/wingtsun-elmshorn.de\/index.php\/wp-json\/wp\/v2\/media?parent=7"}],"curies":[{"name":"wp","href":"https:\/\/api.w.org\/{rel}","templated":true}]}}